by 1169?
10
What is the remainder when 82549 is divided by 16?
5
What is the remainder when 39998 is divided by 181?
178
Calculate the remainder when 73187 is divided by 851.
1
What is the remainder when 18357 is divided by 54?
51
Calculate the remainder when 927 is divided by 59.
42
What is the remainder when 35586 is divided by 137?
103
Calculate the remainder when 35250 is divided by 26.
20
Calculate the remainder when 4326 is divided by 311.
283
What is the remainder when 69237 is divided by 8?
5
Calculate the remainder when 32665 is divided by 25.
15
Calculate the remainder when 443 is divided by 225.
218
What is the remainder when 3026 is divided by 29?
10
What is the remainder when 2562 is divided by 2547?
15
What is the remainder when 9380 is divided by 2316?
116
Calculate the remainder when 14211 is divided by 2.
1
Calculate the remainder when 20516 is divided by 46.
0
Calculate the remainder when 9916 is divided by 9743.
173
What is the remainder when 2435129 is divided by 290?
289
Calculate the remainder when 23212 is divided by 7737.
1
What is the remainder when 586504 is divided by 586494?
10
What is the remainder when 107162 is divided by 35?
27
What is the remainder when 759377 is divided by 20?
17
Calculate the remainder when 1046677 is divided by 104667.
7
Calculate the remainder when 44616 is divided by 22244.
128
What is the remainder when 3296 is divided by 1639?
18
What is the remainder when 49824 is divided by 199?
74
What is the remainder when 8883 is divided by 4403?
77
Calculate the remainder when 2332 is divided by 64.
28
What is the remainder when 160 is divided by 38?
8
Calculate the remainder when 3643 is divided by 373.
286
What is the remainder when 3097 is divided by 216?
73
Calculate the remainder when 16164 is divided by 623.
589
Calculate the remainder when 134297 is divided by 134291.
6
Calculate the remainder when 11398 is divided by 207.
13
What is the remainder when 28282 is divided by 28278?
4
What is the remainder when 2572 is divided by 71?
16
What is the remainder when 59609 is divided by 46?
39
What is the remainder when 22531 is divided by 143?
80
Calculate the remainder when 54529 is divided by 53.
45
Calculate the remainder when 310 is divided by 55.
35
Calculate the remainder when 15266 is divided by 37.
22
What is the remainder when 57867 is divided by 57862?
5
Calculate the remainder when 15285 is divided by 13.
10
Calculate the remainder when 4629 is divided by 4602.
27
Calculate the remainder when 1619 is divided by 291.
164
What is the remainder when 107556 is divided by 51?
48
What is the remainder when 81624 is divided by 6277?
23
What is the remainder when 29599 is divided by 38?
35
Calculate the remainder when 42292 is divided by 42272.
20
What is the remainder when 348790 is divided by 6?
4
Calculate the remainder when 44089 is divided by 7334.
85
Calculate the remainder when 5067 is divided by 163.
14
What is the remainder when 14700 is divided by 6805?
1090
What is the remainder when 83224 is divided by 39?
37
What is the remainder when 115251 is divided by 35?
31
Calculate the remainder when 157135 is divided by 13093.
19
What is the remainder when 64262 is divided by 193?
186
Calculate the remainder when 52169 is divided by 8.
1
Calculate the remainder when 246210 is divided by 411.
21
What is the remainder when 3146 is divided by 314?
6
Calculate the remainder when 19647 is divided by 364.
355
What is the remainder when 498 is divided by 490?
8
Calculate the remainder when 70522 is divided by 103.
70
What is the remainder when 790 is divided by 699?
91
What is the remainder when 81781 is divided by 27?
25
What is the remainder when 23700 is divided by 7876?
72
What is the remainder when 28130 is divided by 14051?
28
What is the remainder when 3595 is divided by 402?
379
Calculate the remainder when 2665 is divided by 98.
19
Calculate the remainder when 54932 is divided by 106.
24
Calculate the remainder when 1923 is divided by 353.
158
Calculate the remainder when 103268 is divided by 1913.
1879
What is the remainder when 58204 is divided by 8?
4
Calculate the remainder when 5480 is divided by 349.
245
What is the remainder when 801 is divided by 599?
202
What is the remainder when 1683 is divided by 432?
387
Calculate the remainder when 54075 is divided by 17.
15
What is the remainder when 360 is divided by 110?
30
What is the remainder when 208998 is divided by 409?
408
What is the remainder when 23753 is divided by 73?
28
What is the remainder when 937 is divided by 55?
2
What is the remainder when 40592 is divided by 106?
100
What is the remainder when 3398 is divided by 1199?
1000
Calculate the remainder when 12234 is divided by 6117.
0
What is the remainder when 3886 is divided by 199?
105
What is the remainder when 9468 is divided by 4728?
12
Calculate the remainder when 5619 is divided by 112.
19
What is the remainder when 6514 is divided by 3?
1
Calculate the remainder when 32714 is divided by 33.
11
What is the remainder when 189563 is divided by 13?
10
What is the remainder when 152728 is divided by 756?
16
Calculate the remainder when 20592 is divided by 3400.
192
What is the remainder when 3611 is divided by 84?
83
Calculate the remainder when 738410 is divided by 62.
52
What is the remainder when 48428 is divided by 914?
900
What is the remainder when 367763 is divided by 14?
11
What is the remainder when 10030 is divided by 251?
241
Calculate the remainder when 90638 is divided by 176.
174
What is the remainder when 5885 is divided by 588?
5
Calculate the remainder when 2190 is divided by 244.
238
What is the remainder when 122052 is divided by 4882?
2
What is the remainder when 109317 is divided by 15?
12
Calculate the remainder when 577 is divided by 79.
24
Calculate the remainder when 8662 is divided by 8656.
6
Calculate the remainder when 8255 is divided by 633.
26
What is the remainder when 27552 is divided by 106?
98
Calculate the remainder when 575 is divided by 39.
29
What is the remainder when 4366 is divided by 78?
76
Calculate the remainder when 179732 is divided by 1974.
98
What is the remainder when 272398 is divided by 4864?
14
Calculate the remainder when 63676 is divided by 15919.
0
What is the remainder when 463 is divided by 59?
50
What is the remainder when 5793 is divided by 11?
7
What is the remainder when 30357 is divided by 740?
17
Calculate the remainder when 70613 is divided by 11767.
11
What is the remainder when 746 is divided by 145?
21
What is the remainder when 53686 is divided by 189?
10
Calculate the remainder when 433360 is divided by 7.
4
What is the remainder when 59432 is divided by 803?
10
Calculate the remainder when 1328 is divided by 209.
74
Calculate the remainder when 8912 is divided by 581.
197
What is the remainder when 2158 is divided by 465?
298
Calculate the remainder when 85147 is divided by 560.
27
What is the remainder when 1566859 is divided by 314?
313
Calculate the remainder when 102613 is divided by 2012.
1
Calculate the remainder when 82346 is divided by 25.
21
What is the remainder when 26136 is divided by 264?
0
Calculate the remainder when 134826 is divided by 911.
909
What is the remainder when 1270788 is divided by 237?
231
What is the remainder when 319335 is divided by 86?
17
Calculate the remainder when 12445 is divided by 20.
5
Calculate the remainder when 531282 is divided by 71.
60
What is the remainder when 5245 is divided by 5222?
23
Calculate the remainder when 1999 is divided by 202.
181
What is the remainder when 269917 is divided by 241?
238
Calculate the remainder when 13985 is divided by 537.
23
What is the remainder when 1777 is divided by 120?
97
Calculate the remainder when 252249 is divided by 28.
25
What is the remainder when 3373 is divided by 9?
7
Calculate the remainder when 10843 is divided by 10840.
3
Calculate the remainder when 391386 is divided by 169.
151
What is the remainder when 417 is divided by 143?
131
Calculate the remainder when 1639343 is divided by 102.
101
What is the remainder when 14856 is divided by 7422?
12
Calculate the remainder when 14657 is divided by 79.
42
What is the remainder when 6377 is divided by 637?
7
Calculate the remainder when 9933 is divided by